{"id":18,"date":"2017-07-19T12:36:14","date_gmt":"2017-07-19T10:36:14","guid":{"rendered":"http:\/\/localhost:90\/?page_id=18"},"modified":"2018-08-25T16:42:15","modified_gmt":"2018-08-25T14:42:15","slug":"curriculum-vitae","status":"publish","type":"page","link":"https:\/\/www.jacqueline-beauducel.de\/index.php\/fr\/curriculum-vitae\/","title":{"rendered":"Curriculum Vitae"},"content":{"rendered":"<figure id=\"attachment_496\" aria-describedby=\"caption-attachment-496\" style=\"width: 300px\" class=\"wp-caption alignnone\"><img loading=\"lazy\" class=\"wp-image-496 size-medium\" src=\"https:\/\/www.jacqueline-beauducel.de\/wp-content\/uploads\/2018\/08\/REG_0008-1-300x200.jpg\" alt=\"\" width=\"300\" height=\"200\" srcset=\"https:\/\/www.jacqueline-beauducel.de\/wp-content\/uploads\/2018\/08\/REG_0008-1-300x200.jpg 300w, https:\/\/www.jacqueline-beauducel.de\/wp-content\/uploads\/2018\/08\/REG_0008-1-768x512.jpg 768w, https:\/\/www.jacqueline-beauducel.de\/wp-content\/uploads\/2018\/08\/REG_0008-1-1024x683.jpg 1024w\" sizes=\"(max-width: 300px) 100vw, 300px\" \/><figcaption id=\"caption-attachment-496\" class=\"wp-caption-text\">Foto von Laura Kirwel<\/figcaption><\/figure>\n<p>1963 n\u00e9e \u00e0 Berlin<br \/>\n1981 Baccalaur\u00e9at<br \/>\n1981 &#8211; 84 Etudes de l&#8217;Histoire de l&#8217;Art, Fran\u00e7ais et Italien, FU Berlin (Universit\u00e9 libre de Berlin)<br \/>\n1984 \u2013 92 Etudes d&#8216; Arts Plastiques , HdK Berlin (Ecole des Beaux Arts de Berlin) &#8211; Classe Kaufmann\/ Classe Herrfurth<br \/>\n1985 Membre de l&#8217;association d&#8217;artistes Bernburger Str. 30<br \/>\nF\u00e9vrier 1989 1. Staatsexamen (dipl\u00f4me) de Fran\u00e7ais<br \/>\nSeptembre 1992 1. Staatsexamen (dipl\u00f4me) d&#8217;Arts Plastiques<br \/>\n1995 Bourse du DAAD pour la r\u00e9alisation d&#8217;un projet artistique \u00e0 Apt, France<br \/>\nJuin 2000 2. Staatsexamen (dipl\u00f4me p\u00e9dagogique) en Arts Plastiques et Fran\u00e7ais<br \/>\ndepuis Ao\u00fbt 2000 Professeur d&#8217;Arts Plastiques et Fran\u00e7ais au lyc\u00e9e de Gerolstein, Allemagne<br \/>\ndepuis 1987 des expositions \u00e0 Berlin et Apt<\/p>\n","protected":false},"excerpt":{"rendered":"<p>1963 n\u00e9e \u00e0 Berlin 1981 Baccalaur\u00e9at 1981 &#8211; 84 Etudes de l&#8217;Histoire de l&#8217;Art, Fran\u00e7ais et Italien, FU Berlin (Universit\u00e9 libre de Berlin) 1984 \u2013 92 Etudes d&#8216; Arts Plastiques , HdK Berlin (Ecole des Beaux Arts de Berlin) &#8211; Classe Kaufmann\/ Classe Herrfurth 1985 Membre de l&#8217;association d&#8217;artistes Bernburger Str. 30 F\u00e9vrier 1989 1.&hellip;<\/p>\n","protected":false},"author":1,"featured_media":0,"parent":0,"menu_order":0,"comment_status":"closed","ping_status":"closed","template":"","meta":[],"_links":{"self":[{"href":"https:\/\/www.jacqueline-beauducel.de\/index.php\/wp-json\/wp\/v2\/pages\/18"}],"collection":[{"href":"https:\/\/www.jacqueline-beauducel.de\/index.php\/wp-json\/wp\/v2\/pages"}],"about":[{"href":"https:\/\/www.jacqueline-beauducel.de\/index.php\/wp-json\/wp\/v2\/types\/page"}],"author":[{"embeddable":true,"href":"https:\/\/www.jacqueline-beauducel.de\/index.php\/wp-json\/wp\/v2\/users\/1"}],"replies":[{"embeddable":true,"href":"https:\/\/www.jacqueline-beauducel.de\/index.php\/wp-json\/wp\/v2\/comments?post=18"}],"version-history":[{"count":6,"href":"https:\/\/www.jacqueline-beauducel.de\/index.php\/wp-json\/wp\/v2\/pages\/18\/revisions"}],"predecessor-version":[{"id":498,"href":"https:\/\/www.jacqueline-beauducel.de\/index.php\/wp-json\/wp\/v2\/pages\/18\/revisions\/498"}],"wp:attachment":[{"href":"https:\/\/www.jacqueline-beauducel.de\/index.php\/wp-json\/wp\/v2\/media?parent=18"}],"curies":[{"name":"wp","href":"https:\/\/api.w.org\/{rel}","templated":true}]}}